{"id":4268,"date":"2022-10-26T12:12:29","date_gmt":"2022-10-26T16:12:29","guid":{"rendered":"https:\/\/nspsignature.com\/?post_type=product&#038;p=4268"},"modified":"2026-04-13T17:25:48","modified_gmt":"2026-04-13T21:25:48","slug":"planche-a-decouper-personnalisee","status":"publish","type":"product","link":"https:\/\/nspsignature.com\/?product=planche-a-decouper-personnalisee","title":{"rendered":"Planche \u00e0 d\u00e9couper personnalis\u00e9e avec poign\u00e9e &#8211; Toujours Meilleur Chez Maman"},"content":{"rendered":"<p>[et_pb_section fb_built=&raquo;1&Prime; _builder_version=&raquo;3.22&Prime; custom_padding=&raquo;0px||||false|false&raquo;][et_pb_row _builder_version=&raquo;3.25&Prime; background_size=&raquo;initial&raquo; background_position=&raquo;top_left&raquo; background_repeat=&raquo;repeat&raquo; width=&raquo;100%&raquo; custom_padding=&raquo;0px||0px||false|false&raquo;][et_pb_column type=&raquo;4_4&Prime; _builder_version=&raquo;3.25&Prime; custom_padding=&raquo;|||&raquo; custom_padding__hover=&raquo;|||&raquo;][et_pb_wc_breadcrumb product=&raquo;4268&Prime; _builder_version=&raquo;4.9.7&Prime;][\/et_pb_wc_breadcrumb][et_pb_wc_cart_notice _builder_version=&raquo;3.0.47&Prime;][\/et_pb_wc_cart_notice][\/et_pb_column][\/et_pb_row][et_pb_row column_structure=&raquo;1_2,1_2&Prime; _builder_version=&raquo;3.25&Prime; background_size=&raquo;initial&raquo; background_position=&raquo;top_left&raquo; background_repeat=&raquo;repeat&raquo; width=&raquo;100%&raquo; custom_padding=&raquo;0px||||false|false&raquo;][et_pb_column type=&raquo;1_2&Prime; _builder_version=&raquo;3.25&Prime; custom_padding=&raquo;|||&raquo; custom_padding__hover=&raquo;|||&raquo;][et_pb_wc_images _builder_version=&raquo;3.0.47&Prime;][\/et_pb_wc_images][\/et_pb_column][et_pb_column type=&raquo;1_2&Prime; _builder_version=&raquo;3.25&Prime; custom_padding=&raquo;|||&raquo; custom_padding__hover=&raquo;|||&raquo;][et_pb_wc_title product=&raquo;4268&Prime; _builder_version=&raquo;4.9.7&Prime;][\/et_pb_wc_title][et_pb_wc_rating _builder_version=&raquo;3.0.47&Prime;][\/et_pb_wc_rating][et_pb_wc_price _builder_version=&raquo;3.0.47&Prime;][\/et_pb_wc_price][et_pb_wc_description product=&raquo;4268&Prime; _builder_version=&raquo;4.9.7&Prime;][\/et_pb_wc_description][et_pb_wc_add_to_cart _builder_version=&raquo;3.0.47&Prime;][\/et_pb_wc_add_to_cart][et_pb_wc_meta _builder_version=&raquo;3.0.47&Prime;][\/et_pb_wc_meta][\/et_pb_column][\/et_pb_row][et_pb_row _builder_version=&raquo;3.25&Prime; background_size=&raquo;initial&raquo; background_position=&raquo;top_left&raquo; background_repeat=&raquo;repeat&raquo; width=&raquo;100%&raquo;][et_pb_column type=&raquo;4_4&Prime; _builder_version=&raquo;3.25&Prime; custom_padding=&raquo;|||&raquo; custom_padding__hover=&raquo;|||&raquo;][et_pb_wc_tabs include_tabs=&raquo;description|&raquo; _builder_version=&raquo;4.9.7&Prime; body_font_size=&raquo;16px&raquo; body_line_height=&raquo;1.4em&raquo;] [\/et_pb_wc_tabs][et_pb_wc_upsells _builder_version=&raquo;3.0.47&Prime;][\/et_pb_wc_upsells][et_pb_wc_related_products _builder_version=&raquo;3.0.47&Prime;][\/et_pb_wc_related_products][\/et_pb_column][\/et_pb_row][\/et_pb_section]<\/p>\n","protected":false},"excerpt":{"rendered":"<p><span style=\"color: #d65729;\"><strong>Tous nos prix sont taxes incluses!<\/strong><\/span><\/p>\n<p><strong>Offrez le plus beau des cadeaux personnalis\u00e9s pour maman!<\/strong><\/p>\n<p>Format : 14 x 9 \u00be x \u00be d&rsquo;\u00e9paisseur<\/p>\n<p>Choisissez le mod\u00e8le de personnalisation que vous d\u00e9sirez.<\/p>\n","protected":false},"featured_media":4328,"comment_status":"closed","ping_status":"closed","template":"","meta":{"_et_pb_use_builder":"on","_et_pb_old_content":"<h2 style=\"text-align: center\">Planche \u00e0 d\u00e9couper personnalis\u00e9e\u00a0avec pogn\u00e9e\r\nToujours meilleur chez maman!<\/h2>\r\n\r\n<hr \/>\r\n\r\nOffrez une magnifique planche \u00e0 d\u00e9couper avec poign\u00e9e personnalisable \u00e0 votre image. Cadeau parfait pour maman, grand-maman, mamie, ou son petit surnom. Un cadeau parfait pour son anniversaire, la f\u00eate des M\u00e8res ou No\u00ebl. Pourquoi ne pas lui offrir simplement pour la remercier d'\u00eatre l\u00e0, quand vous en aviez besoin. Voyez l'expression dans ses yeux, quand elle d\u00e9couvrira cette magnifique planche \u00e0 d\u00e9couper, que vous lui avez personnalis\u00e9e uniquement pour elle.\r\n\r\nChoisissez cette planche \u00e0 d\u00e9couper personnalis\u00e9e en bois, qui offre le c\u00f4t\u00e9 pratique, la durabilit\u00e9 du bois franc et son look parfait pour une cuisine compacte.\r\n\r\nCette planche, est munie d'une poign\u00e9e int\u00e9gr\u00e9e, qui vous permet de manier ais\u00e9ment la planche, pendant la coupe et le nettoyage de celle-ci.\r\n\r\nLa planche \u00e0 d\u00e9couper est d'une beaut\u00e9 remarquable, magnifique et riche en couleur. Fait uniquement de bois franc \u00e0 partir d'\u00e9rable 100% canadien. Notre principal souci est d'utiliser des produits d'ici. Une gravure au laser sur une planche \u00e0 d\u00e9couper en bois, est l\u00e0 pour rester des d\u00e9cennies.\r\n\r\nQuand c'est le temps de cuisiner, la planche \u00e0 d\u00e9couper avec poign\u00e9e est indispensable pour la coupe des aliments. \u00c9vitez d'ab\u00eemer le dessus du comptoir de la cuisine.\r\n\r\n&nbsp;\r\n\r\n<strong>Personnalisation<\/strong>:\r\nRemplacer maman par un pr\u00e9nom ou un pseudo sans frais additionnels.\r\n\r\n&nbsp;\r\n\r\n<em><strong>Entretien:<\/strong>\r\nAppliquez de l'huile min\u00e9rale aux 2 mois apr\u00e8s une utilisation quotidienne.<\/em>\r\n\r\n&nbsp;\r\n\r\n<em>Toutes les planches \u00e0 d\u00e9coup\u00e9e sont trait\u00e9es avec de l'huile min\u00e9rale. Ce produit est non toxique et est d\u00e9sign\u00e9e \u00e0 l'utilisation alimentaire. Celle-ci permet de pr\u00e9server la beaut\u00e9 du bois.<\/em>\r\n\r\n&nbsp;\r\n\r\n<strong>Temps de fabrication:\r\n<\/strong>D\u00e9lai de fabrication est de 3-7 jours\r\n\r\n&nbsp;\r\n\r\n<strong>Livraison:<\/strong>\r\nD\u00e9lai de livraison pour recevoir votre colis est de 24h-48h, apr\u00e8s la fabrication de votre planche.\r\n\r\n&nbsp;\r\n\r\n<span style=\"color: #993300\"><em>Chaque planche \u00e0 d\u00e9couper fait de bois est unique. Les teintes du bois naturel ne sont jamais identiques d'une planche \u00e0 l'autre.\r\nAvec une personnalisation, elle devient exceptionnelle.<\/em><\/span>\r\n\r\n&nbsp;\r\n<p class=\"p3\"><em>Pour un changement d'image et\/ou du texte, des frais s'appliquent.\r\n<\/em><em>Pour une soumission par courriel: <a href=\"mailto:info@nspsignature.com\">info@nspsignature.com<\/a> ou par t\u00e9l\u00e9phone 819-943-6054.<\/em><\/p>\r\n&nbsp;\r\n\r\n<em><strong><a href=\"https:\/\/nspsignature.com\/?page_id=3980\">Retour \u00e0 la boutique clic ici<\/a><\/strong><\/em>\r\n\r\n&nbsp;\r\n\r\n<strong><span style=\"color: #000000\"><a style=\"color: #000000\" href=\"https:\/\/nspsignature.com\/?page_id=2794\">Politique de confidentialit\u00e9 et conditions<\/a><\/span><\/strong>","_et_gb_content_width":"","om_disable_all_campaigns":false,"_monsterinsights_skip_tracking":false,"_monsterinsights_sitenote_active":false,"_monsterinsights_sitenote_note":"","_monsterinsights_sitenote_category":0},"product_cat":[25,46,27],"product_tag":[75,67,68,65,63],"_links":{"self":[{"href":"https:\/\/nspsignature.com\/index.php?rest_route=\/wp\/v2\/product\/4268"}],"collection":[{"href":"https:\/\/nspsignature.com\/index.php?rest_route=\/wp\/v2\/product"}],"about":[{"href":"https:\/\/nspsignature.com\/index.php?rest_route=\/wp\/v2\/types\/product"}],"replies":[{"embeddable":true,"href":"https:\/\/nspsignature.com\/index.php?rest_route=%2Fwp%2Fv2%2Fcomments&post=4268"}],"wp:featuredmedia":[{"embeddable":true,"href":"https:\/\/nspsignature.com\/index.php?rest_route=\/wp\/v2\/media\/4328"}],"wp:attachment":[{"href":"https:\/\/nspsignature.com\/index.php?rest_route=%2Fwp%2Fv2%2Fmedia&parent=4268"}],"wp:term":[{"taxonomy":"product_cat","embeddable":true,"href":"https:\/\/nspsignature.com\/index.php?rest_route=%2Fwp%2Fv2%2Fproduct_cat&post=4268"},{"taxonomy":"product_tag","embeddable":true,"href":"https:\/\/nspsignature.com\/index.php?rest_route=%2Fwp%2Fv2%2Fproduct_tag&post=4268"}],"curies":[{"name":"wp","href":"https:\/\/api.w.org\/{rel}","templated":true}]}}