{"id":4430,"date":"2022-11-03T12:59:29","date_gmt":"2022-11-03T16:59:29","guid":{"rendered":"https:\/\/nspsignature.com\/?post_type=product&#038;p=4430"},"modified":"2022-11-10T13:58:47","modified_gmt":"2022-11-10T18:58:47","slug":"bouteille-de-vin-personnalisee-gravure-au-laser","status":"publish","type":"product","link":"https:\/\/nspsignature.com\/?product=bouteille-de-vin-personnalisee-gravure-au-laser","title":{"rendered":"Bouteille de vin personnalis\u00e9e &#8211; Gravure au laser"},"content":{"rendered":"<p>[et_pb_section fb_built=&raquo;1&Prime; _builder_version=&raquo;3.22&Prime; custom_padding=&raquo;0px||||false|false&raquo;][et_pb_row _builder_version=&raquo;3.25&Prime; background_size=&raquo;initial&raquo; background_position=&raquo;top_left&raquo; background_repeat=&raquo;repeat&raquo; width=&raquo;100%&raquo; custom_padding=&raquo;0px||0px||false|false&raquo;][et_pb_column type=&raquo;4_4&Prime; _builder_version=&raquo;3.25&Prime; custom_padding=&raquo;|||&raquo; custom_padding__hover=&raquo;|||&raquo;][et_pb_wc_breadcrumb _builder_version=&raquo;3.0.47&Prime;][\/et_pb_wc_breadcrumb][et_pb_wc_cart_notice _builder_version=&raquo;3.0.47&Prime;][\/et_pb_wc_cart_notice][\/et_pb_column][\/et_pb_row][et_pb_row column_structure=&raquo;1_2,1_2&Prime; _builder_version=&raquo;3.25&Prime; background_size=&raquo;initial&raquo; background_position=&raquo;top_left&raquo; background_repeat=&raquo;repeat&raquo; width=&raquo;100%&raquo; custom_padding=&raquo;0px||||false|false&raquo;][et_pb_column type=&raquo;1_2&Prime; _builder_version=&raquo;3.25&Prime; custom_padding=&raquo;|||&raquo; custom_padding__hover=&raquo;|||&raquo;][et_pb_wc_images _builder_version=&raquo;3.0.47&Prime;][\/et_pb_wc_images][\/et_pb_column][et_pb_column type=&raquo;1_2&Prime; _builder_version=&raquo;3.25&Prime; custom_padding=&raquo;|||&raquo; custom_padding__hover=&raquo;|||&raquo;][et_pb_wc_title _builder_version=&raquo;4.9.7&Prime;][\/et_pb_wc_title][et_pb_wc_rating _builder_version=&raquo;3.0.47&Prime;][\/et_pb_wc_rating][et_pb_wc_price _builder_version=&raquo;3.0.47&Prime;][\/et_pb_wc_price][et_pb_wc_description _builder_version=&raquo;3.0.47&Prime;][\/et_pb_wc_description][et_pb_wc_add_to_cart _builder_version=&raquo;3.0.47&Prime;][\/et_pb_wc_add_to_cart][et_pb_wc_meta _builder_version=&raquo;3.0.47&Prime;][\/et_pb_wc_meta][\/et_pb_column][\/et_pb_row][et_pb_row _builder_version=&raquo;3.25&Prime; background_size=&raquo;initial&raquo; background_position=&raquo;top_left&raquo; background_repeat=&raquo;repeat&raquo; width=&raquo;100%&raquo;][et_pb_column type=&raquo;4_4&Prime; _builder_version=&raquo;3.25&Prime; custom_padding=&raquo;|||&raquo; custom_padding__hover=&raquo;|||&raquo;][et_pb_wc_tabs _builder_version=&raquo;3.0.47&Prime;]\t\t\t\t\t[\/et_pb_wc_tabs][et_pb_wc_upsells _builder_version=&raquo;3.0.47&Prime;][\/et_pb_wc_upsells][et_pb_wc_related_products _builder_version=&raquo;3.0.47&Prime;][\/et_pb_wc_related_products][\/et_pb_column][\/et_pb_row][\/et_pb_section]<\/p>\n","protected":false},"excerpt":{"rendered":"<p><strong><span style=\"color: #993300;\">Les taxes sont incluses dans le prix.<\/span><\/strong><\/p>\n<p>Fais graver ton message personnalis\u00e9!<\/p>\n<h6><a href=\"mailto:info@nspsignature.com\">Pour une demande sp\u00e9ciale <\/a><span style=\"color: #3366ff;\"><em><a style=\"color: #3366ff;\" href=\"mailto:info@nspsignature.com\">: info@nspsignature.com<\/a><\/em><\/span><\/h6>\n","protected":false},"featured_media":4264,"comment_status":"closed","ping_status":"closed","template":"","meta":{"_et_pb_use_builder":"on","_et_pb_old_content":"<h4 style=\"text-align: center\"><strong>Bouteille de vin personnalis\u00e9e\r\nSoyez unique !<\/strong><\/h4>\r\n\r\n<hr \/>\r\n\r\nIl y a toujours une bonne occasion pour offrir une bonne bouteille de vin. Mais une bonne bouteille de vin avec un message personnalis\u00e9 est encore plus impressionnante. Notifier en m\u00e9moire d'une bonne journ\u00e9e, d'un moment d'exploit ou un bon moment.\r\n\r\nC'est le moment d'Impressionner un ami, un membre de la famille ou un coll\u00e8gue. Personnalisez sa bouteille pr\u00e9f\u00e9r\u00e9e avec leur pr\u00e9nom, une petite phrase. Pour rem\u00e9morer l'\u00e9v\u00e8nement pour laquelle vous offrez cette bonne bouteille de vin. Cr\u00e9er ce souvenir qui restera graver \u00e0 tout jamais dans le c\u0153ur de la personne qui le re\u00e7oit.\r\n\r\nLe plus \u00e9patant des cadeaux en offrant une bouteille de vin personnalis\u00e9e avec une gravure au laser. Parfait comme cadeau \u00e0 un ami, un membre de la famille, un coll\u00e8gue ou pour un \u00e9v\u00e8nement corporatif ! On est l\u00e0 pour r\u00e9aliser le cadeau personnalis\u00e9 \u00e0 ton image !\r\n\r\n<em><strong>Comment \u00e7a fonctionne pour la bouteille de vin?\u00a0<\/strong><\/em>\r\n1- Vous nous l'apporter \u00e0 notre atelier situ\u00e9 \u00e0 Saint-Denis de Brompton et payer seulement la gravure.\r\n2 - Nous allons acheter la bouteille de vin de votre choix \u00e0 la SAQ qui vous co\u00fbtera le prix co\u00fbtant + 9.00$\r\n\r\n<strong>Personnalisation:<\/strong>\r\nPour y ajouter une image, un logo, des frais peuvent s'appliquer. Maximum 25 caract\u00e8res par ligne. max 2 lignes incluant les espaces.\r\n<em>Pour une soumission par courriel:<span style=\"color: #0000ff\"> <a style=\"color: #0000ff\" href=\"mailto:info@nspsignature.com\">info@nspsignature.com<\/a><\/span> ou par t\u00e9l\u00e9phone 819-943-6054.<\/em>\r\n\r\n&nbsp;\r\n<h5><a href=\"https:\/\/nspsignature.com\/?page_id=2794\">Politique de confidentialit\u00e9 et conditions<\/a><\/h5>","_et_gb_content_width":"","om_disable_all_campaigns":false,"_monsterinsights_skip_tracking":false,"_monsterinsights_sitenote_active":false,"_monsterinsights_sitenote_note":"","_monsterinsights_sitenote_category":0},"product_cat":[42,46,45,27,44],"product_tag":[47],"_links":{"self":[{"href":"https:\/\/nspsignature.com\/index.php?rest_route=\/wp\/v2\/product\/4430"}],"collection":[{"href":"https:\/\/nspsignature.com\/index.php?rest_route=\/wp\/v2\/product"}],"about":[{"href":"https:\/\/nspsignature.com\/index.php?rest_route=\/wp\/v2\/types\/product"}],"replies":[{"embeddable":true,"href":"https:\/\/nspsignature.com\/index.php?rest_route=%2Fwp%2Fv2%2Fcomments&post=4430"}],"wp:featuredmedia":[{"embeddable":true,"href":"https:\/\/nspsignature.com\/index.php?rest_route=\/wp\/v2\/media\/4264"}],"wp:attachment":[{"href":"https:\/\/nspsignature.com\/index.php?rest_route=%2Fwp%2Fv2%2Fmedia&parent=4430"}],"wp:term":[{"taxonomy":"product_cat","embeddable":true,"href":"https:\/\/nspsignature.com\/index.php?rest_route=%2Fwp%2Fv2%2Fproduct_cat&post=4430"},{"taxonomy":"product_tag","embeddable":true,"href":"https:\/\/nspsignature.com\/index.php?rest_route=%2Fwp%2Fv2%2Fproduct_tag&post=4430"}],"curies":[{"name":"wp","href":"https:\/\/api.w.org\/{rel}","templated":true}]}}