{"id":4446,"date":"2022-11-04T17:52:04","date_gmt":"2022-11-04T21:52:04","guid":{"rendered":"https:\/\/nspsignature.com\/?post_type=product&#038;p=4446"},"modified":"2022-11-10T15:32:43","modified_gmt":"2022-11-10T20:32:43","slug":"planche-a-decouper-bambou-toujours-meilleur-chez-maman","status":"publish","type":"product","link":"https:\/\/nspsignature.com\/?product=planche-a-decouper-bambou-toujours-meilleur-chez-maman","title":{"rendered":"Planche \u00e0 d\u00e9couper personnalis\u00e9e bambou &#8211; Toujours Meilleur Chez Maman"},"content":{"rendered":"<p>[et_pb_section fb_built=&raquo;1&Prime; _builder_version=&raquo;3.22&Prime; custom_padding=&raquo;0px||||false|false&raquo;][et_pb_row _builder_version=&raquo;3.25&Prime; background_size=&raquo;initial&raquo; background_position=&raquo;top_left&raquo; background_repeat=&raquo;repeat&raquo; width=&raquo;100%&raquo; custom_padding=&raquo;0px||0px||false|false&raquo;][et_pb_column type=&raquo;4_4&Prime; _builder_version=&raquo;3.25&Prime; custom_padding=&raquo;|||&raquo; custom_padding__hover=&raquo;|||&raquo;][et_pb_wc_breadcrumb _builder_version=&raquo;3.0.47&Prime;][\/et_pb_wc_breadcrumb][et_pb_wc_cart_notice _builder_version=&raquo;3.0.47&Prime;][\/et_pb_wc_cart_notice][\/et_pb_column][\/et_pb_row][et_pb_row column_structure=&raquo;1_2,1_2&Prime; _builder_version=&raquo;3.25&Prime; background_size=&raquo;initial&raquo; background_position=&raquo;top_left&raquo; background_repeat=&raquo;repeat&raquo; width=&raquo;100%&raquo; custom_padding=&raquo;0px||||false|false&raquo;][et_pb_column type=&raquo;1_2&Prime; _builder_version=&raquo;3.25&Prime; custom_padding=&raquo;|||&raquo; custom_padding__hover=&raquo;|||&raquo;][et_pb_wc_images _builder_version=&raquo;3.0.47&Prime;][\/et_pb_wc_images][\/et_pb_column][et_pb_column type=&raquo;1_2&Prime; _builder_version=&raquo;3.25&Prime; custom_padding=&raquo;|||&raquo; custom_padding__hover=&raquo;|||&raquo;][et_pb_wc_title _builder_version=&raquo;3.0.47&Prime;][\/et_pb_wc_title][et_pb_wc_rating _builder_version=&raquo;3.0.47&Prime;][\/et_pb_wc_rating][et_pb_wc_price _builder_version=&raquo;3.0.47&Prime;][\/et_pb_wc_price][et_pb_wc_description _builder_version=&raquo;3.0.47&Prime;][\/et_pb_wc_description][et_pb_wc_add_to_cart _builder_version=&raquo;3.0.47&Prime;][\/et_pb_wc_add_to_cart][et_pb_wc_meta _builder_version=&raquo;3.0.47&Prime;][\/et_pb_wc_meta][\/et_pb_column][\/et_pb_row][et_pb_row _builder_version=&raquo;3.25&Prime; background_size=&raquo;initial&raquo; background_position=&raquo;top_left&raquo; background_repeat=&raquo;repeat&raquo; width=&raquo;100%&raquo;][et_pb_column type=&raquo;4_4&Prime; _builder_version=&raquo;3.25&Prime; custom_padding=&raquo;|||&raquo; custom_padding__hover=&raquo;|||&raquo;][et_pb_wc_tabs include_tabs=&raquo;description|&raquo; _builder_version=&raquo;4.9.7&Prime; body_font_size=&raquo;16px&raquo; body_line_height=&raquo;1.4em&raquo;] [\/et_pb_wc_tabs][et_pb_wc_upsells _builder_version=&raquo;3.0.47&Prime;][\/et_pb_wc_upsells][et_pb_wc_related_products _builder_version=&raquo;3.0.47&Prime;][\/et_pb_wc_related_products][\/et_pb_column][\/et_pb_row][\/et_pb_section]<\/p>\n","protected":false},"excerpt":{"rendered":"<p><span style=\"color: #d65729;\"><strong>Tous nos prix sont taxes incluses !<br \/>\n<\/strong><\/span><\/p>\n<h5>Cadeau parfait pour maman \u00e0 son anniversaire, f\u00eate des M\u00e8res et No\u00ebl.<\/h5>\n<p>Vous devez choisir le type de planche et le mod\u00e8le<br \/>\npour en conna\u00eetre le prix !<\/p>\n","protected":false},"featured_media":4553,"comment_status":"closed","ping_status":"closed","template":"","meta":{"_et_pb_use_builder":"on","_et_pb_old_content":"<h4><\/h4>\r\n<h2 style=\"text-align: center\">Planche \u00e0 d\u00e9couper personnalis\u00e9e en bambou\r\nToujours meilleur chez maman<\/h2>\r\n\r\n<hr \/>\r\n\r\n&nbsp;\r\n\r\nVous cherchez un cadeau parfait pour maman, grand-maman et mamie ? Difficile de trouver le cadeau parfait quand on sait qu'elles ont tout. Une belle planche \u00e0 d\u00e9couper en bois personnalis\u00e9e pour une bonne cuisini\u00e8re ou pour mettre une touche personnelle dans sa cuisine. Voici une belle fa\u00e7on de souligner lors d'une belle occasion et lui dire merci d'avoir toujours \u00e9t\u00e9 l\u00e0 pour nous. Que ce soir pour son anniversaire, pour la f\u00eate des M\u00e8res ou No\u00ebl.\r\n\r\nLe r\u00e9confort quand on rend visite \u00e0 maman pour partager un bon repas en famille, on se dit que c'est ''Toujours meilleur chez maman''. Offrez le plus beau des cadeaux personnalis\u00e9s avec ce planche \u00e0 d\u00e9couper, de grand format pour une utilisation de tous les jours.\r\n\r\nLe fait que cette planche \u00e0 d\u00e9couper est r\u00e9versible, elle est tr\u00e8s pratique, puisque vous pouvez tout simplement la retourner, sans risquer d'ab\u00eemer la gravure au laser lorsque vous coupez vos aliments. Cette planche de bois peut \u00e9galement servir de plateau \u00e0 charcuterie et planchette de service. Pourquoi pas ?\r\n\r\nLa planche \u00e0 d\u00e9couper en bois r\u00e9versible personnalisable, est d'une dimension ad\u00e9quat pour vous donner une magnifique surface pour man\u0153uvrer la coupe de vos aliments.\r\n\r\n<strong>Format:<\/strong> 12po. x 16po. 3\/4po. \u00e9paisseur\r\n25,4 cm x 35,5 cm x 1,9 cm d'\u00e9paisseur\r\n\r\n<em><strong>Personnalisation: <\/strong>Seul le mot maman peut \u00eatre changer pour un pr\u00e9nom ou un surnom sans frais. Assurez-vous de son orthographe exacte.<\/em>\r\n\r\n<em>Entretien:\r\nLa planche \u00e0 d\u00e9couper de bambou n\u00e9cessite aucun entretien. Un simple nettoyage avec un savon doux et un linge humide. Ne pas passer sous l'eau bouillante, ne pas mettre dans le lave-vaisselle.<\/em>\r\n<h6><span style=\"color: #993300\"><em>Chaque planche de bois est unique, les teintes du bois naturel n'est jamais identique d'une planche \u00e0 l'autre, avec une personnalisation, elle devient exceptionnelle.<\/em><\/span><\/h6>\r\n<em><strong>Gravure au laser personnalis\u00e9e<\/strong>: Personnalisez avec le nom et le logo de votre entreprise pour offrir \u00e0 vos coll\u00e8gues ou membre de votre \u00e9quipe de votre entreprise. Si vous en avez besoin dans un design sur mesure, contactez notre \u00e9quipe de conception professionnelle qui peut vous aider.<\/em>\r\n\r\n<em><strong>Demandez une soumission :<\/strong> Par courriel: <a href=\"mailto:info@nspsignature.com\">info@nspsignature.com<\/a> ou par t\u00e9l\u00e9phone ou texto 819-943-6054.\r\n<\/em>Nous sommes heureux de r\u00e9ponse \u00e0 toutes vos questions sur le produit, et nous vous fournirons une service apr\u00e8s-vente de qualit\u00e9\r\n\r\n<strong>Temps de fabrication: <\/strong>D\u00e9lai de fabrication est de 3-7 jours apr\u00e8s l'approbation de votre montage s'il y a lieu.\r\n\r\n<strong>Livraison directement chez vous<\/strong>: D\u00e9lai de livraison est de 24h-48h apr\u00e8s la fabrication de votre planche \u00e0 d\u00e9couper personnalis\u00e9e.\r\n<p class=\"p3\"><span class=\"s2\">Le prix de livraison est tr\u00e8s comp\u00e9titif car nous avons une entente sp\u00e9ciale avec la compagnie de transport qui nous permet de vous faire \u00e9conomiser sur le prix normal.<\/span><\/p>\r\n<strong><span style=\"color: #000000\"><a style=\"color: #000000\" href=\"https:\/\/nspsignature.com\/?page_id=2794\">Politique de confidentialit\u00e9 et conditions<\/a><\/span><\/strong>","_et_gb_content_width":"","om_disable_all_campaigns":false,"_monsterinsights_skip_tracking":false,"_monsterinsights_sitenote_active":false,"_monsterinsights_sitenote_note":"","_monsterinsights_sitenote_category":0},"product_cat":[25,16,46,27],"product_tag":[75,67,61,68,65,63,64],"_links":{"self":[{"href":"https:\/\/nspsignature.com\/index.php?rest_route=\/wp\/v2\/product\/4446"}],"collection":[{"href":"https:\/\/nspsignature.com\/index.php?rest_route=\/wp\/v2\/product"}],"about":[{"href":"https:\/\/nspsignature.com\/index.php?rest_route=\/wp\/v2\/types\/product"}],"replies":[{"embeddable":true,"href":"https:\/\/nspsignature.com\/index.php?rest_route=%2Fwp%2Fv2%2Fcomments&post=4446"}],"wp:featuredmedia":[{"embeddable":true,"href":"https:\/\/nspsignature.com\/index.php?rest_route=\/wp\/v2\/media\/4553"}],"wp:attachment":[{"href":"https:\/\/nspsignature.com\/index.php?rest_route=%2Fwp%2Fv2%2Fmedia&parent=4446"}],"wp:term":[{"taxonomy":"product_cat","embeddable":true,"href":"https:\/\/nspsignature.com\/index.php?rest_route=%2Fwp%2Fv2%2Fproduct_cat&post=4446"},{"taxonomy":"product_tag","embeddable":true,"href":"https:\/\/nspsignature.com\/index.php?rest_route=%2Fwp%2Fv2%2Fproduct_tag&post=4446"}],"curies":[{"name":"wp","href":"https:\/\/api.w.org\/{rel}","templated":true}]}}