{"id":4676,"date":"2022-12-03T15:25:36","date_gmt":"2022-12-03T20:25:36","guid":{"rendered":"https:\/\/nspsignature.com\/?post_type=product&#038;p=4676"},"modified":"2022-12-28T22:09:34","modified_gmt":"2022-12-29T03:09:34","slug":"boule-de-noel-personnalisee-rondin-de-saule","status":"publish","type":"product","link":"https:\/\/nspsignature.com\/?product=boule-de-noel-personnalisee-rondin-de-saule","title":{"rendered":"Rondin de bois personnalis\u00e9 &#8211; Saule"},"content":{"rendered":"<p>[et_pb_section fb_built=&raquo;1&Prime; _builder_version=&raquo;3.22&Prime; custom_padding=&raquo;0px||||false|false&raquo;][et_pb_row _builder_version=&raquo;3.25&Prime; background_size=&raquo;initial&raquo; background_position=&raquo;top_left&raquo; background_repeat=&raquo;repeat&raquo; width=&raquo;100%&raquo; custom_padding=&raquo;0px||0px||false|false&raquo;][et_pb_column type=&raquo;4_4&Prime; _builder_version=&raquo;3.25&Prime; custom_padding=&raquo;|||&raquo; custom_padding__hover=&raquo;|||&raquo;][et_pb_wc_breadcrumb _builder_version=&raquo;3.0.47&Prime;][\/et_pb_wc_breadcrumb][et_pb_wc_cart_notice _builder_version=&raquo;3.0.47&Prime;][\/et_pb_wc_cart_notice][\/et_pb_column][\/et_pb_row][et_pb_row column_structure=&raquo;1_2,1_2&Prime; _builder_version=&raquo;3.25&Prime; background_size=&raquo;initial&raquo; background_position=&raquo;top_left&raquo; background_repeat=&raquo;repeat&raquo; width=&raquo;100%&raquo; custom_padding=&raquo;0px||||false|false&raquo;][et_pb_column type=&raquo;1_2&Prime; _builder_version=&raquo;3.25&Prime; custom_padding=&raquo;|||&raquo; custom_padding__hover=&raquo;|||&raquo;][et_pb_wc_images _builder_version=&raquo;3.0.47&Prime;][\/et_pb_wc_images][\/et_pb_column][et_pb_column type=&raquo;1_2&Prime; _builder_version=&raquo;3.25&Prime; custom_padding=&raquo;|||&raquo; custom_padding__hover=&raquo;|||&raquo;][et_pb_wc_title product=&raquo;4676&Prime; _builder_version=&raquo;4.9.7&Prime;][\/et_pb_wc_title][et_pb_wc_rating _builder_version=&raquo;3.0.47&Prime;][\/et_pb_wc_rating][et_pb_wc_price _builder_version=&raquo;3.0.47&Prime;][\/et_pb_wc_price][et_pb_wc_description _builder_version=&raquo;3.0.47&Prime;][\/et_pb_wc_description][et_pb_wc_add_to_cart _builder_version=&raquo;3.0.47&Prime;][\/et_pb_wc_add_to_cart][et_pb_wc_meta _builder_version=&raquo;3.0.47&Prime;][\/et_pb_wc_meta][\/et_pb_column][\/et_pb_row][et_pb_row _builder_version=&raquo;3.25&Prime; background_size=&raquo;initial&raquo; background_position=&raquo;top_left&raquo; background_repeat=&raquo;repeat&raquo; width=&raquo;100%&raquo;][et_pb_column type=&raquo;4_4&Prime; _builder_version=&raquo;3.25&Prime; custom_padding=&raquo;|||&raquo; custom_padding__hover=&raquo;|||&raquo;][et_pb_wc_tabs _builder_version=&raquo;3.0.47&Prime;]\t\t\t\t\t[\/et_pb_wc_tabs][et_pb_wc_upsells _builder_version=&raquo;3.0.47&Prime;][\/et_pb_wc_upsells][et_pb_wc_related_products _builder_version=&raquo;3.0.47&Prime;][\/et_pb_wc_related_products][\/et_pb_column][\/et_pb_row][\/et_pb_section]<\/p>\n","protected":false},"excerpt":{"rendered":"<h6 dir=\"ltr\" data-placeholder=\"Traduction\"><strong><span style=\"color: #993300;\"><span style=\"color: #ffffff;\">.<\/span><br \/>\n<\/span><\/strong><strong><span style=\"color: #993300;\">Tous les prix sont taxes incluses<\/span><\/strong><\/h6>\n<p class=\"tw-data-text tw-text-large tw-ta\" dir=\"ltr\" data-placeholder=\"Traduction\"><span class=\"Y2IQFc\" lang=\"fr\">Tranche de saule naturel vient avec corde<br \/>\n<\/span><span id=\"productTitle\" class=\"a-size-large product-title-word-break\">\u00c9paisseur +- 1cm<\/span><\/p>\n<p dir=\"ltr\" data-placeholder=\"Traduction\">\u00c9gayez votre sapin de no\u00ebl ou votre r\u00e9ception de mariage en y ajoutant un petit c\u00f4t\u00e9 rustique et chaleureux.<\/p>\n","protected":false},"featured_media":4689,"comment_status":"open","ping_status":"closed","template":"","meta":{"_et_pb_use_builder":"on","_et_pb_old_content":"<h3><\/h3>\r\n<h3 style=\"text-align: center\">Soyez cr\u00e9atif avec des rondins de bois naturel personnalisable<\/h3>\r\nRondin de bois naturel. Tranche faite de saule, parfait pour une allure rustique et chaleureuse.\r\n\r\nFaites personnaliser votre boule de No\u00ebl pour votre sapin ou offrez-la en cadeau \u00e0 la famille. Agr\u00e9mentez votre table \u00e0 la maison, lors de la r\u00e9ception de No\u00ebl avec ces magnifiques rondins de bois naturel pour y donner un petit c\u00f4t\u00e9 rustique.\r\n\r\nLors de la r\u00e9ception de mariage, ajoutez des rondins de bois naturel personnalis\u00e9s pour la d\u00e9coration de vos tables, ou offrez-les \u00e0 vos invit\u00e9s.\r\n\r\n<em>Contactez notre \u00e9quipe de conception professionnelle pour une plus grande quantit\u00e9:<\/em> <a href=\"mailto:info@nspsignature.com\">info@nspsignature.com<\/a>\r\nPossibilit\u00e9 d'avoir d'autres formats, il suffit d'en faire la demande par courriel.\r\n\r\n<strong>Temps de fabrication:\r\n<\/strong>D\u00e9lai de fabrication est de 3-7 jours\r\n\r\n<strong>Livraison:<\/strong>\r\nD\u00e9lai de livraison pour recevoir votre colis est de 24h-48h, apr\u00e8s la fabrication de votre produit.\r\n\r\n<em>Chaque tranche de rondin est faite de bois de saule et est unique. Avec une personnalisation, elle devient exceptionnelle.\r\nLes teintes du bois naturel ne sont jamais identiques.<\/em>\r\n\r\n<em>\u00a0<\/em>\r\n\r\n<strong>Demandez une soumission :<\/strong><em>\r\nPar courriel:\u00a0<a href=\"mailto:info@nspsignature.com\">info@nspsignature.com<\/a>\u00a0ou par t\u00e9l\u00e9phone ou texto 819-943-6054.\r\n<\/em>Nous sommes heureux de r\u00e9ponse \u00e0 toutes vos questions sur le produit, et nous vous fournirons un service apr\u00e8s-vente de qualit\u00e9\r\n\r\n<strong><em><a href=\"https:\/\/nspsignature.com\/?page_id=3980\">Retour \u00e0 la boutique clic ici<\/a><\/em><\/strong>\r\n\r\n<strong><a href=\"https:\/\/nspsignature.com\/?page_id=2794\">Politique de confidentialit\u00e9 et conditions<\/a><\/strong>","_et_gb_content_width":"","om_disable_all_campaigns":false,"_monsterinsights_skip_tracking":false,"_monsterinsights_sitenote_active":false,"_monsterinsights_sitenote_note":"","_monsterinsights_sitenote_category":0},"product_cat":[76,27],"product_tag":[],"_links":{"self":[{"href":"https:\/\/nspsignature.com\/index.php?rest_route=\/wp\/v2\/product\/4676"}],"collection":[{"href":"https:\/\/nspsignature.com\/index.php?rest_route=\/wp\/v2\/product"}],"about":[{"href":"https:\/\/nspsignature.com\/index.php?rest_route=\/wp\/v2\/types\/product"}],"replies":[{"embeddable":true,"href":"https:\/\/nspsignature.com\/index.php?rest_route=%2Fwp%2Fv2%2Fcomments&post=4676"}],"wp:featuredmedia":[{"embeddable":true,"href":"https:\/\/nspsignature.com\/index.php?rest_route=\/wp\/v2\/media\/4689"}],"wp:attachment":[{"href":"https:\/\/nspsignature.com\/index.php?rest_route=%2Fwp%2Fv2%2Fmedia&parent=4676"}],"wp:term":[{"taxonomy":"product_cat","embeddable":true,"href":"https:\/\/nspsignature.com\/index.php?rest_route=%2Fwp%2Fv2%2Fproduct_cat&post=4676"},{"taxonomy":"product_tag","embeddable":true,"href":"https:\/\/nspsignature.com\/index.php?rest_route=%2Fwp%2Fv2%2Fproduct_tag&post=4676"}],"curies":[{"name":"wp","href":"https:\/\/api.w.org\/{rel}","templated":true}]}}